by z.
14
Let v be 8*((-7)/2 - -3). What is the remainder when 3/(-4)*v + 27 is divided by 16?
14
Let a = 7 + -5. Suppose 21 = a*b - 1. What is the remainder when ((-31)/(-2))/((-2)/(-4)) is divided by b?
9
Let x(j) = 13*j + 4. Let y(o) = -o**3 - 5*o**2 + 4*o - 6. What is the remainder when x(1) is divided by y(-6)?
5
Suppose -2*k = 3*f - 7*k - 90, -f + 34 = -3*k. Let z = 7 + f. What is the remainder when z is divided by 17?
15
Let v(m) = 35*m - 3. Let t(p) = -3*p - 28. Calculate the remainder when v(2) is divided by t(-15).
16
Let s(m) = 6*m**2 + 8*m**2 - 3*m + 3*m. Calculate the remainder when 41 is divided by s(1).
13
Let s be (-42)/(-30) + 3/5. Suppose 39 = s*m - m. What is the remainder when m is divided by 10?
9
Let s(l) = l**2 - 3*l - 17. Calculate the remainder when 1 is divided by s(6).
0
Let x(p) = p**2 + p - 3. Let u be x(-3). Let l = 4 + u. What is the remainder when 13 is divided by l?
6
Suppose 8 = g - 2. Let t = -1 + 1. Suppose t = -d - 3*o + 7 + 12, 38 = 2*d - o. Calculate the remainder when d is divided by g.
9
Let x = 7 + 21. Calculate the remainder when 55 is divided by x.
27
Let n be -21*(34/(-14) - 1). Suppose o + 27 = 2*h, -4*h + n = h - 4*o. What is the remainder when 22 is divided by h?
10
Suppose -w + 4*h - 6 = 2*w, -h - 33 = 5*w. Let q(i) = -32*i - 3. Let k be q(w). Suppose -4*c = 37 - k. What is the remainder when c is divided by 10?
8
Let w(l) = -7*l + 5. What is the remainder when 81 is divided by w(-1)?
9
Suppose -3*o - 24 = -7*o. Let i(b) be the second derivative of b**5/20 + b**4/2 - 2*b**3/3 - 7*b**2/2 - b. Calculate the remainder when i(-6) is divided by o.
5
Suppose 3*n + n - 36 = 0. What is the remainder when 1*1/(2/52) is divided by n?
8
Let p = -52 - -59. Calculate the remainder when p is divided by 6.
1
Suppose -12*m + 11*m + 22 = 0. What is the remainder when m is divided by 8?
6
Let j(d) = 2*d**2 + 0*d + 2 - 3*d + 3*d. What is the remainder when 29 is divided by j(2)?
9
Let v(s) = -s**2 - 2. Let z be v(0). Let o = z - -18. Suppose 90 = 3*x + 5*b, 0 = 2*x + x + b - 90. Calculate the remainder when x is divided by o.
14
Let s = -1 - -3. Let g be 26*(-1 + (2 - s)). Let u = g + 36. Calculate the remainder when u is divided by 4.
2
Suppose -4*y = 5*m - 125, 5*m - 90 = -3*y - 0*m. What is the remainder when y is divided by ((-6)/18)/(2/(-114))?
16
Suppose 3*n + 13 = 3*s - 14, 0 = -2*n - s - 15. What is the remainder when (68/n)/((-2)/4) is divided by 7?
3
Let t be 3/(1 + 84/(-87)). Let a = t - 21. What is the remainder when a is divided by 23?
20
Suppose -6*w - 240 = -12*w. What is the remainder when w is divided by 15?
10
Let f(n) be the first derivative of 2*n**3/3 - 3*n**2 - 2*n - 2. What is the remainder when 35 is divided by f(5)?
17
Suppose 2*p + 5*d - 63 = 14, 2*d - 88 = -3*p. What is the remainder when 71 is divided by p?
19
Let o = 2 - 1. Let q be 3/4 - o/(-4). Suppose 5 = 2*w + q. What is the remainder when w is divided by 1?
0
Suppose -20*g + 13*g + 469 = 0. Suppose 85 = 5*k - 4*j, -k + 2*k + j = 17. What is the remainder when g is divided by k?
16
Let p be 4/18 + (-6036)/(-54). Suppose w - 43 = -5*c, 3*c + 2*c - p = -4*w. What is the remainder when w is divided by 6?
5
Suppose -25 = -8*o + 3*o. Suppose o*i - 33 = v - 4*v, 4*v + i = 61. What is the remainder when 62 is divided by v?
14
Let f(u) = -7 + 0 + u + 4. Let i be f(3). Let h = i + 8. Calculate the remainder when 23 is divided by h.
7
Let d be (10/1 + -2)/1. Suppose d = 4*x - 2*x. Suppose -5*w + 12 = x*t, 3*w - 12 = -3*t - 0*w. Calculate the remainder when 15 is divided by t.
7
Let r = -1 - -4. Calculate the remainder when 22 is divided by ((-6 - r) + 1)*-1.
6
Let s(m) = -m**2 - 12*m - 14. Let b be s(-4). Let v(o) = 13*o + 1. Let k be v(2). Let r = k - b. Calculate the remainder when 35 is divided by r.
8
Let q be ((-8)/(-10))/(2/5). Suppose 0*x - 5*p + 85 = 4*x, 0 = q*x + 3*p - 43. Calculate the remainder when x is divided by 11.
9
Suppose -5*p = 3*b - 3*p - 113, 0 = -b - 2*p + 35. What is the remainder when 76 is divided by b?
37
Let u(v) = -21*v**3 - v**2 - v - 1. Let h be u(-1). Calculate the remainder when 22 is divided by ((-60)/25)/((-6)/h).
6
Let r = -5 + 3. Let z be 6/(-4)*96/r. Suppose 2*q + z = 2*j, q - 141 = -5*j + 45. Calculate the remainder when j is divided by 13.
11
Suppose 0 = 3*z - 5*z + 244. What is the remainder when z is divided by 41?
40
Let s(v) = 14*v - 1. What is the remainder when s(1) is divided by 5?
3
Suppose -2*u + 430 = 3*u. Calculate the remainder when u is divided by 22.
20
Let v(p) = -7*p - 1. Calculate the remainder when 38 is divided by v(-2).
12
Suppose -2*t = -7*t + 120. What is the remainder when t is divided by 13?
11
Let p be 44/10 + 2/(-5). Suppose -p*a - 2*i = -20, -4*a + 3*a = 3*i - 5. Suppose 0 = -8*d + a*d + 39. What is the remainder when d is divided by 7?
6
Suppose x - 5 = -2*i + 82, -3*x + 138 = 3*i. Suppose -m + 33 = 2*m. Calculate the remainder when i is divided by m.
8
Let q(u) be the third derivative of -3*u**4/4 - 7*u**3/6 + 5*u**2. What is the remainder when q(-2) is divided by 8?
5
Suppose -190 = -0*u - 5*u. Calculate the remainder when u is divided by 10.
8
Let m be (-36)/84 + 230/14. Let i be 87/2 + (-3)/(-6). Let g = i - m. Calculate the remainder when g is divided by 10.
8
Suppose 2*u - 1 - 1 = 0. Calculate the remainder when 2 is divided by u.
0
Let d(c) = c**2 + 4*c**2 - c - 4*c**2 + 0*c**2. Calculate the remainder when d(-5) is divided by 8.
6
Let b(r) = -3*r - 1. Let l be (-3 + 4)*1*2. Suppose 0*s - l = -s. What is the remainder when b(-2) is divided by s?
1
Suppose r + 27 = 3*j, 3*r = 3*j + 1 - 64. Let t = -8 - r. Suppose -4*s - n + 8 = -6*n, -2*s + n = -t. What is the remainder when 20 is divided by s?
6
Let z = -7 - -20. Suppose -4*x = -5*m - 35, -3*m = -0*x + x - 30. Let s = x - -23. Calculate the remainder when s is divided by z.
12
Let i(u) = -u**3 - 7*u**2 - u - 1. What is the remainder when 33 is divided by i(-7)?
3
Let d(f) = 16*f + 1. Let a = 135 - 129. What is the remainder when d(1) is divided by a?
5
Let x(h) = -6*h - 3. Let n = 16 - 22. What is the remainder when (16/(-10))/(n/105) is divided by x(-3)?
13
Let g = 197 - 83. What is the remainder when g is divided by ((-2)/6)/(1175/(-585) - -2)?
36
Let b be 6/(-8) + 88/32. Suppose -2*m + 34 = b*z + 2*z, 3*m = -3*z + 33. Calculate the remainder when 21 is divided by z.
3
Calculate the remainder when 48 is divided by 2 + 1 + (1 - -6).
8
Let s(x) = 3*x**2 - 3*x - 11. Let v = 9 - -4. What is the remainder when s(-3) is divided by v?
12
Suppose -49 = m - 5*h, 3*m - 2*h = h - 135. Let w = -31 - m. What is the remainder when 38 is divided by w?
12
Suppose -3*o + 36 = 6. Let k(j) = 2*j - 7. Let m be k(5). Let n = 7 - m. Calculate the remainder when o is divided by n.
2
Let v(h) = h**3 + 4*h**2 + 2*h + 3. Suppose -18 + 68 = 5*b. What is the remainder when b is divided by v(-3)?
4
Let d(t) = 2*t**2 - 5*t - 7. Let a = -18 + 23. What is the remainder when d(a) is divided by 10?
8
Suppose -5*b + 4*b + 14 = 0. Let z be -3 + 0 - (2 + -1). Calculate the remainder when b is divided by -2 + z*15/(-6).
6
Let x(y) = y**3 - 3*y**2 + 3*y - 2. Let a = -21 - -25. Calculate the remainder when x(3) is divided by a.
3
Let c(z) = -z**2 - 3 - 1 + 7 - 2*z - 2*z. What is the remainder when 16 is divided by c(-3)?
4
Let z be -8*2 - (2 - 4). What is the remainder when 12 is divided by z*(0 + 3/(-6))?
5
Suppose -252 = -62*c + 58*c. What is the remainder when 183 is divided by c?
57
Suppose -4 = -c - 3. Let q(o) = -5*o - 1. Let s be q(-1). Let t = c + s. What is the remainder when 14 is divided by t?
4
Suppose 22 = -0*g + 2*g. Suppose 0 = p - 58 + 39. Calculate the remainder when p is divided by g.
8
Suppose 0*l + 2*l = -3*k + 13, 0 = -2*l + 4*k - 8. Suppose 16 = 4*p - l*p. What is the remainder when 30 is divided by p?
6
Suppose -2*p + 28 = 2*p. Suppose 3*w - p = 2. Suppose 0 = -2*t - 5*d + w, -2*t - 2*d = -12. Calculate the remainder when 26 is divided by t.
8
Suppose 0 = -8*r + 7*r + 16. What is the remainder when r is divided by (-2)/3 - 20/(-3)?
4
Suppose 0 = 43*v - 40*v - 63. What is the remainder when 82 is divided by v?
19
Let y(t) = t**2 + t - 1. Let c be y(-3). Suppose -c*q = -10, 0 = f - q - 28 + 6. Calculate the remainder when 34 is di